 = 3*n - 127. Let i(s) = -7*h(s) + 6*u(s). Determine i(3).
16
Let r be 247/38 - (-1)/2*3. Let k be r + -7 + -6 + -1. Let c(p) be the first derivative of -p**2/2 - 4*p - 1. Determine c(k).
2
Suppose 0 = -21*q + 23*q - 8, -3*l - 4 = -4*q. Let p(t) = -t**3 + 3*t**2 + 10*t - 8. Calculate p(l).
16
Let r = -27 - -35. Let u(k) = 4*k**3 - 6*k**2 + 11*k. Let w(v) = 7*v**2 - 2*v**2 + 1 + 121*v - 5*v**3 - 133*v. Let b(g) = 4*u(g) + 3*w(g). Determine b(r).
3
Let c(x) = -x**3 - 39*x**2 - 10. Let a be (52/(-16))/(-8*12/(-1152)). Determine c(a).
-10
Suppose 14*d = -276 + 66. Let y be (d/20 - 1)/(5/20). Let m(n) = -7*n - 2. Let h(x) = -20*x - 6. Let w(c) = -5*h(c) + 14*m(c). What is w(y)?
-12
Let f be ((-1)/(-3))/((-6)/36). Let k = 0 - f. Let l(o) = -23538*o + 7 + 23529*o - 2 - 3. Calculate l(k).
-16
Let y be (66/22*1/(-27))/(1/(-3)). Let f(r) be the first derivative of -5 + y*r**3 - 4*r - 3/2*r**2. Give f(5).
6
Let r(x) be the first derivative of x**3/3 - 7*x**2/2 - 4*x - 4430. Determine r(8).
4
Let d(l) = -5*l + 15. Let x(k) = -279*k + 1405. Let v be x(5). Give d(v).
-35
Let r(v) be the second derivative of -v**4/12 - 2*v**3/3 + 3*v**2 + 912*v - 4. Give r(-2).
10
Let s be (-13)/(26/(-12)) + 0. Let f(v) = -11*v**3 + 23*v**2 - v - 30. Let j(i) = 24*i**3 - 47*i**2 + 2*i + 62. Let a(r) = s*j(r) + 13*f(r). Give a(-17).
-1
Suppose 4*u - 3 = 4*r + 13, 10 = u - 3*r. Let l(y) = -y**2. Let q(s) = 2*s - 1. Let j(f) = u*q(f) + l(f). Give j(1).
0
Suppose 269 = 5*d + 74. Let i(o) = 2*o + 37. Let j be i(-17). Let c(l) = -38*l**3 - l + 2 - l**2 + 76*l**j - d*l**3. Calculate c(-2).
8
Suppose -6 = -4*k + 2*k + 5*g, -k + 14 = 3*g. Suppose -k*f + 194 - 50 = 0. Let z(h) = 9*h - 3*h - 19*h**2 + f*h**2. Calculate z(6).
0
Let i(w) = 2*w**2 - 3*w - 15. Let t(c) = -c**2 + c. Let z(m) = i(m) + 3*t(m). Suppose 3714*f = 3789*f. Determine z(f).
-15
Let h(o) = o**3 + 7*o**2 + 8*o - 3. Let f(t) be the third derivative of -t**5/30 + 5*t**4/6 + 8*t**3/3 + 41*t**2. Let n be f(11). Give h(n).
-15
Let k(i) = 3*i**2 - 59*i - 19. Suppose 4*c - 2*j - 76 = 0, -3*c - 4*j - 5 + 73 = 0. Let d be k(c). Let m(p) = -10*p**3. Determine m(d).
-10
Suppose 3*h = 4*t - 442, 0 = -2*t - 3*h + 222 + 8. Let f = t + -104. Let p(k) = -k**3 + 8*k**2 - 6. What is p(f)?
-6
Let g(z) = 2*z**2 + 5*z + 2. Let d be (-85)/(-20) - (-1)/(-4). Let x be 6 - (2 + -5 + d). Suppose 0*v + 11 = 3*v + x*j, -v + 13 = 4*j. Determine g(v).
5
Suppose 10*n + 219 = 7*n. Let w = -74 - n. Let m(r) = -r**2 - r - 1. Calculate m(w).
-1
Suppose -5*b + 9*b - 28 = 0. Suppose 11*t - 48 = b. Let y(s) = s**3 - 5*s**2 - 2*s + 4. What is y(t)?
-6
Let f(t) = -3*t**2 + 3*t - 4. Let j(z) = -z**3 + z**2 + 1. Let d(h) = -f(h) - 2*j(h). Let m = -1261 - -1263. Calculate d(m).
16
Let n(l) = l + 11. Suppose 8*h - 2307 = -675. Let z = 204 - h. What is n(z)?
11
Let j(g) be the second derivative of g**4/12 + g**3/6 - 5*g**2 - 12*g - 2. Calculate j(-5).
10
Let s(w) be the second derivative of 0 + 1/2*w**2 - 60*w + 5/6*w**3. Give s(1).
6
Let l(x) be the first derivative of x**2/2 + 33*x - 2080. What is l(-30)?
3
Let w(x) = 58*x - 905. Let i(d) = -6*d + 92. Let q(u) = -21*i(u) - 2*w(u). Calculate q(12).
-2
Let p = 84 - 128. Let q = -46 - p. Let g(c) = c**2 + c + 1. What is g(q)?
3
Let q be (1 + 5)/2 + 2. Let b(l) = -19230*l**2 + 4*l - l + 19229*l**2 - 7 - 2*l. Give b(q).
-27
Let w(d) = -d**3 - 3*d**2 + 4*d - 1. Let p(q) = q**3 - q**2 - q + 2. Let z be (-50)/(-175) + (-2)/7. Let o be p(z). Suppose -4*g - 18 = -o. Calculate w(g).
-1
Let p(g) = -2 + 21*g + 5 + 13*g**2 - 15. Let t(m) = -8*m**2 - 14*m + 8. Let s(i) = 5*p(i) + 8*t(i). Suppose 25 = 4*b + 1. Calculate s(b).
-2
Let t(r) = -r + 4. Let b = 502 - 506. Let o be t(b). Let x(j) = j**2 - 7*j - 5. What is x(o)?
3
Let w(d) = 2*d**3 - 2*d + 11 - 3*d**2 - 32 + 18. Let m = -22 - -24. Suppose 10 + m = 4*q. What is w(q)?
18
Let h(m) = 16*m. Let g(s) = -5*s + 4*s - 8*s. Let u(x) = 9*g(x) + 4*h(x). What is u(1)?
-17
Let v(h) = 2*h**3 + 3*h**2 + 2*h + 1. Let s be v(-2). Let n(c) = 32*c**2 + 2*c**3 + 28*c**2 - 53*c**2 - 2*c**3 + c**3 - 1. Give n(s).
-1
Let u(m) = 4*m - 15. Let q be u(7). Suppose 0 = v - 12 - q. Suppose v - 13 = -2*z. Let o(k) = -k**3 - 5*k**2 + 6*k - 7. Give o(z).
-7
Let a = -349824 - -349818. Let s(d) be the second derivative of d**3/6 + d. Determine s(a).
-6
Let k(f) be the second derivative of f**4/12 - 2*f**3/3 - 11*f**2/2 - 267*f. Give k(9).
34
Let c(u) = -u**3 + 4*u**2 - 2*u - 4. Let n be c(2). Suppose -4*h = 3*y + 14, n = 4*y + h + 5*h + 18. Let g(o) = o**3 + 7*o**2 + 8*o + 5. Determine g(y).
-7
Let j be 65281/(-12787) - 2/(-19). Let h(v) be the third derivative of -2*v**2 + 0*v + 0 - 1/24*v**4 + 1/6*v**3. Calculate h(j).
6
Suppose 754*p - 751*p = 0, p = -3*b - 12. Let q(j) = j**2 - 13. What is q(b)?
3
Let b(p) = 2196 - 5*p - 1092 - 1100. Determine b(16).
-76
Let r(z) = -z**3 - z**2 + z. Let h = 33 - 28. Suppose 5*a - 3*a = -4*p + 118, -154 = -2*a + h*p. Let f = a - 69. Give r(f).
2
Suppose -19*o + 243 = i, 29 = 2*o + 6 - 3. Let d(k) be the first derivative of -3*k**2/2 - 12*k - 1. Give d(i).
0
Let a(m) = 4*m - 28. Let g(x) = 3*x - 19. Let c(z) = -5*a(z) + 7*g(z). Let p be (15/9)/(35/63). Suppose -p*n + 8 = -7*n - 3*w, 5*w = 20. Determine c(n).
2
Suppose 18*c = 230 - 7880. Let x = c - -420. Let l(d) = -3 - 4*d - d**3 - 4*d**2 - 3*d**2 + d**2. Calculate l(x).
-8
Suppose 115*f = -128*f + 233*f + 160. Let v(w) be the first derivative of -f*w + 0*w**2 + 1/3*w**3 + 8. Determine v(0).
-16
Let l(a) = -8*a**2 + 71*a + 15. Let t = 4002 - 3993. Give l(t).
6
Let n(y) = -69*y - 20. Let f(j) = 41*j + 10. Let i(m) = 5*f(m) + 3*n(m). Suppose 5*p - 33 + 3 = 0. Calculate i(p).
-22
Let x(p) = p**3 + 4*p**2 + p + 1. Let c(n) = -17*n**2 - 344*n - 87. Let g be c(-20). Give x(g).
-153
Let w(a) = -16*a - 1. Let t be (-3)/(((-11)/(-21))/(-11)). Suppose 52*j - 22 = t*j. Give w(j).
31
Let t(y) = -5*y**2 + 67*y - 18. Let w be ((-10 - -6) + 17)/(-1 - -2). What is t(w)?
8
Let g(d) = d**2 - 7*d + 9. Let j be (5/2 + -2)/((-5)/1910). Let p = j + 197. Give g(p).
3
Let z be 189/45 - 8/(-10). Let t(r) = 5*r - z + 0 + 6*r - 10*r. Determine t(0).
-5
Let v be ((-144)/30)/((-16)/40). Suppose -16*l + v*l = 16. Let c(b) = b**2 + 3*b - 3. Calculate c(l).
1
Let c(x) be the first derivative of x**7/840 + x**6/180 - x**5/12 - 3*x**4/8 - 29*x**3/3 - 2*x - 22. Let k(b) be the third derivative of c(b). Determine k(-4).
-1
Let f(d) be the second derivative of -d**4/12 - d**3/3 - 11*d**2/2 + 3733*d + 1. Calculate f(-8).
-59
Let b(o) = 2*o + 19. Let m = 80 - 88. Let i be b(m). Suppose 30 = i*j + 15. Let d(x) = -x**3 + 4*x**2 + 2*x + 7. Give d(j).
-8
Let h(j) = 3*j - 1005 + 1854 - 852. Let b(m) = m**3 - 8*m**2 + 7*m + 1. Let o be b(7). Let p be (-14)/(-6) - o/3. Calculate h(p).
3
Let q(s) = s**3 - 7*s**2 + 8*s - 6. Let b(u) = 2*u**3 - 15*u**2 + 17*u - 11. Let x(i) = 3*b(i) - 7*q(i). Let v be x(3). Let d(a) = -4*a + 3. Determine d(v).
-9
Suppose 4*f - 39 = -3*a, 2*a + 3*f = -16 + 41. Let g(v) = -a + 4 - 3*v + 2*v. Let s(q) = 7*q + 77. Let i be s(-11). Determine g(i).
-13
Let k = 224 - 200. Let x(i) = -363 + 363 + k*i**2 - i**2. Let b be -4 + 1 + (-2)/(-1). Calculate x(b).
23
Let h(u) be the third derivative of -u**4/8 + 3*u**3/2 - 2*u**2 - 372*u - 1. Determine h(-2).
15
Let v(z) be the first derivative of -1/2*z**2 + 0*z - 7/4*z**4 + 23 + 0*z**3. Suppose -10*h - h - 11 = 0. Determine v(h).
8
Let r(p) = -1457*p**2 - 2*p + 20. Let q(m) = 3156*m**2 + 4*m - 41. Let h(o) = 6*q(o) + 13*r(o). Calculate h(-4).
-58
Let b(m) = 2*m**2 - 3*m. Let h be b(2). Let j(p) = -2*p + p - 2 + 4 - h*p. Let n be (-2)/(-34) + 588/119. What is j(n)?
-13
Let t(j) = -j**3 + 5*j**2 - j - 9. Let x be t(4). Let l(s) = 664*s**2 - x*s + 4*s + 4 - 665*s**2. Calculate l(-3).
-8
Let t be (-88)/(-6)*30/(-20). Let u be -22 - -19 - (1 + 23). Let r be 21/u - t/(-99). Let w(q) = q. What is w(r)?
-1
Let h(j) = -5*j**3 - 8*j**2 + 56*j - 43. Let o(s) = -6*s**3 - 8*s**2 + 71*s - 43. Let b(x) = 5*h(x) - 4*o(x). Give b(-8).
-11
Let b(p) be the third derivative of -p**5/120 - 3*p**4/4 + 107*p**3/6 + 2*p**2 + 1. Let t(k) be the first derivative of b(k). Give t(-14).
-4
Let d(z) = -z**3 - 11*z**2 - 13*z - 3. Let i be (203/(-98) + 17/238)*(5 + 0). What is d(i)?
27
Let o be (3 - 2415/(-18)) + (-6)/36